{"id":316,"date":"2018-08-01T17:09:59","date_gmt":"2018-08-01T17:09:59","guid":{"rendered":"http:\/\/mera.marine.usf.edu\/?page_id=316"},"modified":"2019-04-15T21:34:23","modified_gmt":"2019-04-15T21:34:23","slug":"mera-encuesta-en-la-playa","status":"publish","type":"page","link":"https:\/\/www.marine.usf.edu\/mera\/mera-encuesta-en-la-playa\/","title":{"rendered":"MERA Encuesta en la Playa"},"content":{"rendered":"<blockquote><p>Detalles sobre la Encuesta<\/p><\/blockquote>\n<p>QU\u00c9: En conjunto con otras actividades de investigaci\u00f3n, las encuestas de MERA en la playa tanto como la de seguimiento, son herramientas importantes que ayudar\u00e1n entender mejor cu\u00e1l es la relaci\u00f3n entre la recreaci\u00f3n en la playa y la salud de la poblaci\u00f3n.<\/p>\n<p>POR QU\u00c9: Estos tipos de encuestas son com\u00fanmente utilizadas para informar la creaci\u00f3n de nuevas pautas, que ayudar\u00e1n al manejo de las playas, con el fin de proteger la salud de los visitantes de la playa.<\/p>\n<p>QUI\u00c9NES: Los cient\u00edficos de la Universidad Metodista del Sur y la Universidad del Sur de la Florida trabajan en colaboraci\u00f3n con cient\u00edficos del Laboratorio Nacional de Aguas del AyA y estudiantes de universidades costarricenses a realizar las encuestas a las personas visitando la playa. Est\u00e1 apoyado por las organizaciones costarricenses no gubernamentales sin fines de lucro: Fundaci\u00f3n MarViva y OneSea.<\/p>\n<p>D\u00d3NDE: Una playa por la Costa Pac\u00edfica de Costa Rica<\/p>\n<p>CU\u00c1NDO: De agosto a octubre de 2018 y de enero a marzo de 2019<\/p>\n<div id='gallery-1' class='gallery galleryid-316 gallery-columns-3 gallery-size-thumbnail'><figure class='gallery-item'>\n\t\t\t<div class='gallery-icon landscape'>\n\t\t\t\t<img width=\"150\" height=\"150\" src=\"https:\/\/www.marine.usf.edu\/mera\/wp-content\/uploads\/2018\/08\/Equipo-150x150.jpg\" class=\"attachment-thumbnail size-thumbnail\" alt=\"\" decoding=\"async\" loading=\"lazy\" aria-describedby=\"gallery-1-321\" \/>\n\t\t\t<\/div>\n\t\t\t\t<figcaption class='wp-caption-text gallery-caption' id='gallery-1-321'>\n\t\t\t\tEstudiantes Universitarios de Costa Rica\n\t\t\t\t<\/figcaption><\/figure><figure class='gallery-item'>\n\t\t\t<div class='gallery-icon landscape'>\n\t\t\t\t<img width=\"150\" height=\"150\" src=\"https:\/\/www.marine.usf.edu\/mera\/wp-content\/uploads\/2017\/03\/CR-beach-surfer-2-150x150.jpg\" class=\"attachment-thumbnail size-thumbnail\" alt=\"\" decoding=\"async\" loading=\"lazy\" \/>\n\t\t\t<\/div><\/figure><figure class='gallery-item'>\n\t\t\t<div class='gallery-icon landscape'>\n\t\t\t\t<img width=\"150\" height=\"150\" src=\"https:\/\/www.marine.usf.edu\/mera\/wp-content\/uploads\/2017\/05\/JAC1-sunday-low-tide-150x150.jpg\" class=\"attachment-thumbnail size-thumbnail\" alt=\"\" decoding=\"async\" loading=\"lazy\" \/>\n\t\t\t<\/div><\/figure>\n\t\t<\/div>\n\n<blockquote><p>Los participantes de la encuesta en la playa y de seguimiento pueden elegir inscribirse en una rifa mensual despu\u00e9s de completar la encuesta de seguimiento, para ganar un paquete PARA LA PLAYA SIN PL\u00c1STICO:<\/p><\/blockquote>\n<ul>\n<li>Gafas de sol polarizadas, con un marco de madera y hechas sin pl\u00e1stico, proporcionado por colaborador de MERA, OneSea.org<\/li>\n<li>Una botella de vidrio de #Chao pl\u00e1stico, proporcionado por colaborador de MERA, la Fundaci\u00f3n MarViva<\/li>\n<\/ul>\n<p>Se realizar\u00e1 un total de seis rifas, en la manera de que se otorgar\u00e1 un paquete PARA LA PLAYA SIN PL\u00c1STICO a un ganador de la rifa el \u00faltimo d\u00eda de cada uno de los siguientes meses: agosto 2018, septiembre 2018, octubre 2018, enero 2019, febrero 2019, y marzo 2019. Se contactar\u00e1 a los ganadores por mensaje telef\u00f3nico, whatsapp, o correo electr\u00f3nico.<\/p>\n<blockquote><p>\u00a1El ganador del sorteo de marzo de 2019 ya recibi\u00f3 su premio!<\/p><\/blockquote>\n<p><img decoding=\"async\" loading=\"lazy\" class=\"aligncenter size-large wp-image-381\" src=\"http:\/\/mera.marine.usf.edu\/wp-content\/uploads\/2019\/04\/Raffle-march-1024x996.jpg\" alt=\"\" width=\"840\" height=\"817\" srcset=\"https:\/\/www.marine.usf.edu\/mera\/wp-content\/uploads\/2019\/04\/Raffle-march-1024x996.jpg 1024w, https:\/\/www.marine.usf.edu\/mera\/wp-content\/uploads\/2019\/04\/Raffle-march-300x292.jpg 300w, https:\/\/www.marine.usf.edu\/mera\/wp-content\/uploads\/2019\/04\/Raffle-march-768x747.jpg 768w, https:\/\/www.marine.usf.edu\/mera\/wp-content\/uploads\/2019\/04\/Raffle-march-1200x1167.jpg 1200w\" sizes=\"(max-width: 709px) 85vw, (max-width: 909px) 67vw, (max-width: 1362px) 62vw, 840px\" \/><\/p>\n<blockquote><p>\u00a1El ganador del sorteo de febrero de 2019 ya recibi\u00f3 su premio!<\/p><\/blockquote>\n<p><img decoding=\"async\" loading=\"lazy\" class=\"aligncenter size-large wp-image-377\" src=\"http:\/\/mera.marine.usf.edu\/wp-content\/uploads\/2019\/03\/raffle.feb2019-1024x739.jpg\" alt=\"\" width=\"840\" height=\"606\" srcset=\"https:\/\/www.marine.usf.edu\/mera\/wp-content\/uploads\/2019\/03\/raffle.feb2019-1024x739.jpg 1024w, https:\/\/www.marine.usf.edu\/mera\/wp-content\/uploads\/2019\/03\/raffle.feb2019-300x217.jpg 300w, https:\/\/www.marine.usf.edu\/mera\/wp-content\/uploads\/2019\/03\/raffle.feb2019-768x555.jpg 768w, https:\/\/www.marine.usf.edu\/mera\/wp-content\/uploads\/2019\/03\/raffle.feb2019-1200x866.jpg 1200w\" sizes=\"(max-width: 709px) 85vw, (max-width: 909px) 67vw, (max-width: 1362px) 62vw, 840px\" \/><\/p>\n<blockquote><p>\u00a1El ganador del sorteo de enero de 2019 ya recibi\u00f3 su premio!<\/p><\/blockquote>\n<p><img decoding=\"async\" loading=\"lazy\" class=\"aligncenter size-large wp-image-371\" src=\"http:\/\/mera.marine.usf.edu\/wp-content\/uploads\/2019\/02\/janrafflewinner-951x1024.jpg\" alt=\"\" width=\"840\" height=\"904\" \/><\/p>\n<blockquote><p>\u00a1El ganador del sorteo de octubre de 2018 ya recibi\u00f3 su premio!<\/p><\/blockquote>\n<p><img decoding=\"async\" loading=\"lazy\" class=\"aligncenter wp-image-367 size-large\" src=\"http:\/\/mera.marine.usf.edu\/wp-content\/uploads\/2018\/11\/IMG_20181119_104738909-1024x964.jpg\" alt=\"\" width=\"840\" height=\"791\" srcset=\"https:\/\/www.marine.usf.edu\/mera\/wp-content\/uploads\/2018\/11\/IMG_20181119_104738909-1024x964.jpg 1024w, https:\/\/www.marine.usf.edu\/mera\/wp-content\/uploads\/2018\/11\/IMG_20181119_104738909-300x283.jpg 300w, https:\/\/www.marine.usf.edu\/mera\/wp-content\/uploads\/2018\/11\/IMG_20181119_104738909-768x723.jpg 768w, https:\/\/www.marine.usf.edu\/mera\/wp-content\/uploads\/2018\/11\/IMG_20181119_104738909-1200x1130.jpg 1200w\" sizes=\"(max-width: 709px) 85vw, (max-width: 909px) 67vw, (max-width: 1362px) 62vw, 840px\" \/><\/p>\n<blockquote><p>\u00a1El ganador del sorteo de septiembre de 2018 ya recibi\u00f3 su premio!<\/p><\/blockquote>\n<p><img decoding=\"async\" loading=\"lazy\" class=\"alignleft size-large wp-image-336\" src=\"http:\/\/mera.marine.usf.edu\/wp-content\/uploads\/2018\/10\/raffle-sept-1024x636.jpg\" alt=\"\" width=\"840\" height=\"522\" srcset=\"https:\/\/www.marine.usf.edu\/mera\/wp-content\/uploads\/2018\/10\/raffle-sept-1024x636.jpg 1024w, https:\/\/www.marine.usf.edu\/mera\/wp-content\/uploads\/2018\/10\/raffle-sept-300x186.jpg 300w, https:\/\/www.marine.usf.edu\/mera\/wp-content\/uploads\/2018\/10\/raffle-sept-768x477.jpg 768w, https:\/\/www.marine.usf.edu\/mera\/wp-content\/uploads\/2018\/10\/raffle-sept-1200x745.jpg 1200w\" sizes=\"(max-width: 709px) 85vw, (max-width: 909px) 67vw, (max-width: 1362px) 62vw, 840px\" \/><\/p>\n<blockquote><p>\u00a1El ganador del sorteo de agosto de 2018 ya recibi\u00f3 su premio!<\/p><\/blockquote>\n<p><img decoding=\"async\" loading=\"lazy\" class=\"alignleft size-large wp-image-331\" src=\"http:\/\/mera.marine.usf.edu\/wp-content\/uploads\/2018\/10\/raffle-august-e1538586813434-1024x659.jpg\" alt=\"\" width=\"840\" height=\"541\" srcset=\"https:\/\/www.marine.usf.edu\/mera\/wp-content\/uploads\/2018\/10\/raffle-august-e1538586813434-1024x659.jpg 1024w, https:\/\/www.marine.usf.edu\/mera\/wp-content\/uploads\/2018\/10\/raffle-august-e1538586813434-300x193.jpg 300w, https:\/\/www.marine.usf.edu\/mera\/wp-content\/uploads\/2018\/10\/raffle-august-e1538586813434-768x494.jpg 768w, https:\/\/www.marine.usf.edu\/mera\/wp-content\/uploads\/2018\/10\/raffle-august-e1538586813434-1200x772.jpg 1200w, https:\/\/www.marine.usf.edu\/mera\/wp-content\/uploads\/2018\/10\/raffle-august-e1538586813434.jpg 1251w\" sizes=\"(max-width: 709px) 85vw, (max-width: 909px) 67vw, (max-width: 1362px) 62vw, 840px\" \/><\/p>\n","protected":false},"excerpt":{"rendered":"<p>Detalles sobre la Encuesta QU\u00c9: En conjunto con otras actividades de investigaci\u00f3n, las encuestas de MERA en la playa tanto como la de seguimiento, son herramientas importantes que ayudar\u00e1n entender mejor cu\u00e1l es la relaci\u00f3n entre la recreaci\u00f3n en la playa y la salud de la poblaci\u00f3n. POR QU\u00c9: Estos tipos de encuestas son com\u00fanmente &hellip; <a href=\"https:\/\/www.marine.usf.edu\/mera\/mera-encuesta-en-la-playa\/\" class=\"more-link\">Continue reading<span class=\"screen-reader-text\"> &#8220;MERA Encuesta en la Playa&#8221;<\/span><\/a><\/p>\n","protected":false},"author":2,"featured_media":0,"parent":0,"menu_order":0,"comment_status":"closed","ping_status":"closed","template":"","meta":[],"_links":{"self":[{"href":"https:\/\/www.marine.usf.edu\/mera\/wp-json\/wp\/v2\/pages\/316"}],"collection":[{"href":"https:\/\/www.marine.usf.edu\/mera\/wp-json\/wp\/v2\/pages"}],"about":[{"href":"https:\/\/www.marine.usf.edu\/mera\/wp-json\/wp\/v2\/types\/page"}],"author":[{"embeddable":true,"href":"https:\/\/www.marine.usf.edu\/mera\/wp-json\/wp\/v2\/users\/2"}],"replies":[{"embeddable":true,"href":"https:\/\/www.marine.usf.edu\/mera\/wp-json\/wp\/v2\/comments?post=316"}],"version-history":[{"count":11,"href":"https:\/\/www.marine.usf.edu\/mera\/wp-json\/wp\/v2\/pages\/316\/revisions"}],"predecessor-version":[{"id":384,"href":"https:\/\/www.marine.usf.edu\/mera\/wp-json\/wp\/v2\/pages\/316\/revisions\/384"}],"wp:attachment":[{"href":"https:\/\/www.marine.usf.edu\/mera\/wp-json\/wp\/v2\/media?parent=316"}],"curies":[{"name":"wp","href":"https:\/\/api.w.org\/{rel}","templated":true}]}}